{"id":1272,"date":"2025-05-16T13:55:28","date_gmt":"2025-05-16T13:55:28","guid":{"rendered":"https:\/\/dlkmendoza2025.com.ar\/?page_id=1272"},"modified":"2025-06-05T14:32:43","modified_gmt":"2025-06-05T14:32:43","slug":"uebernachtung","status":"publish","type":"page","link":"https:\/\/dlkmendoza2025.com.ar\/index.php\/uebernachtung\/","title":{"rendered":"\u00dcbernachtung"},"content":{"rendered":"\t\t<div data-elementor-type=\"wp-page\" data-elementor-id=\"1272\" class=\"elementor elementor-1272\">\n\t\t\t\t<div class=\"elementor-element elementor-element-27b18d3 e-flex e-con-boxed e-con e-parent\" data-id=\"27b18d3\" data-element_type=\"container\">\n\t\t\t\t\t<div class=\"e-con-inner\">\n\t\t\t\t<div class=\"elementor-element elementor-element-4c04fe3 elementor-widget elementor-widget-image\" data-id=\"4c04fe3\" data-element_type=\"widget\" data-widget_type=\"image.default\">\n\t\t\t\t<div class=\"elementor-widget-container\">\n\t\t\t\t\t\t\t\t\t\t\t\t\t<img decoding=\"async\" src=\"https:\/\/dlkmendoza2025.com.ar\/wp-content\/uploads\/elementor\/thumbs\/pexels-pixabay-271639-scaled-r5wakgbdlfp1api1nzi3rx5p7rx6x3epi0xyfxippc.jpg\" title=\"pexels-pixabay-271639\" alt=\"\" loading=\"lazy\" \/>\t\t\t\t\t\t\t\t\t\t\t\t\t<\/div>\n\t\t\t\t<\/div>\n\t\t\t\t\t<\/div>\n\t\t\t\t<\/div>\n\t\t<div class=\"elementor-element elementor-element-c94b626 e-flex e-con-boxed e-con e-parent\" data-id=\"c94b626\" data-element_type=\"container\">\n\t\t\t\t\t<div class=\"e-con-inner\">\n\t\t\t\t<div class=\"elementor-element elementor-element-ae38718 elementor-widget elementor-widget-image\" data-id=\"ae38718\" data-element_type=\"widget\" data-widget_type=\"image.default\">\n\t\t\t\t<div class=\"elementor-widget-container\">\n\t\t\t\t\t\t\t\t\t\t\t\t\t<img fetchpriority=\"high\" decoding=\"async\" width=\"1024\" height=\"121\" src=\"https:\/\/dlkmendoza2025.com.ar\/wp-content\/uploads\/2025\/06\/Foto_logos-1024x121.jpg\" class=\"attachment-large size-large wp-image-1344\" alt=\"\" srcset=\"https:\/\/dlkmendoza2025.com.ar\/wp-content\/uploads\/2025\/06\/Foto_logos-1024x121.jpg 1024w, https:\/\/dlkmendoza2025.com.ar\/wp-content\/uploads\/2025\/06\/Foto_logos-300x35.jpg 300w, https:\/\/dlkmendoza2025.com.ar\/wp-content\/uploads\/2025\/06\/Foto_logos-768x91.jpg 768w, https:\/\/dlkmendoza2025.com.ar\/wp-content\/uploads\/2025\/06\/Foto_logos.jpg 1447w\" sizes=\"(max-width: 1024px) 100vw, 1024px\" \/>\t\t\t\t\t\t\t\t\t\t\t\t\t<\/div>\n\t\t\t\t<\/div>\n\t\t\t\t\t<\/div>\n\t\t\t\t<\/div>\n\t\t<div class=\"elementor-element elementor-element-1b5b057 e-flex e-con-boxed e-con e-parent\" data-id=\"1b5b057\" data-element_type=\"container\">\n\t\t\t\t\t<div class=\"e-con-inner\">\n\t\t\t\t<div class=\"elementor-element elementor-element-e1008be elementor-widget elementor-widget-text-editor\" data-id=\"e1008be\" data-element_type=\"widget\" data-widget_type=\"text-editor.default\">\n\t\t\t\t<div class=\"elementor-widget-container\">\n\t\t\t\t\t\t\t<h2 data-start=\"205\" data-end=\"268\">Unterkunft mit Sonderkonditionen f\u00fcr Kongressteilnehmende<\/h2><p data-start=\"270\" data-end=\"511\">F\u00fcr alle Teilnehmenden des <strong data-start=\"297\" data-end=\"351\">10. Argentinischen Deutschlehrendenkongresses 2025<\/strong> (31. Oktober \u2013 1. November) sowie der <strong data-start=\"390\" data-end=\"406\">PASCH-Tagung<\/strong> (29. \u2013 30. Oktober) konnten Sonderkonditionen in mehreren Hotels im Zentrum von Mendoza vereinbart werden.\u00a0<\/p><p data-start=\"513\" data-end=\"646\"><strong data-start=\"516\" data-end=\"527\">Wichtig<\/strong>: Den erforderlichen <strong data-start=\"548\" data-end=\"562\">Rabattcode<\/strong> erhalten Sie <strong data-start=\"576\" data-end=\"600\">nach Ihrer Anmeldung<\/strong> per E-Mail in Ihrer <strong data-start=\"621\" data-end=\"645\">Teilnahmebest\u00e4tigung<\/strong>.<\/p><h3 data-start=\"648\" data-end=\"685\">Partnerhotels mit Sondertarif:<\/h3><p data-start=\"687\" data-end=\"872\">Folgende Hotels der Gruppe <strong data-start=\"714\" data-end=\"730\">Hoteles Gold<\/strong> bieten einen erm\u00e4\u00dfigten Tarif f\u00fcr Kongressteilnehmende an \u2013 g\u00fcltig bei Onlinebuchung \u00fcber die jeweilige Webseite und Eingabe des Rabattcodes:<\/p><ul data-start=\"874\" data-end=\"1155\"><li data-start=\"874\" data-end=\"980\"><p data-start=\"876\" data-end=\"980\"><strong data-start=\"876\" data-end=\"900\">Hotel Royal Princess<\/strong> (4\u2605)<br data-start=\"905\" data-end=\"908\" \/><a class=\"\" href=\"https:\/\/www.hotelroyalprincess.com.ar\" target=\"_new\" rel=\"noopener\" data-start=\"910\" data-end=\"980\">www.hotelroyalprincess.com.ar<\/a><\/p><\/li><li data-start=\"982\" data-end=\"1072\"><p data-start=\"984\" data-end=\"1072\"><strong data-start=\"984\" data-end=\"1002\">Hotel Princess<\/strong> (3\u2605)<br data-start=\"1007\" data-end=\"1010\" \/><a class=\"\" href=\"https:\/\/www.hotelprincess.com.ar\" target=\"_new\" rel=\"noopener\" data-start=\"1012\" data-end=\"1072\">www.hotelprincess.com.ar<\/a><\/p><\/li><li data-start=\"1074\" data-end=\"1155\"><p data-start=\"1076\" data-end=\"1155\"><strong data-start=\"1076\" data-end=\"1093\">Hotel Carollo<\/strong> (3\u2605)<br data-start=\"1098\" data-end=\"1101\" \/><a class=\"\" href=\"https:\/\/www.hotelcarollo.com\" target=\"_new\" rel=\"noopener\" data-start=\"1103\" data-end=\"1155\">www.hotelcarollo.com<\/a><\/p><\/li><\/ul><p><div class=\"oceanwp-oembed-wrap clr\"><blockquote class=\"wp-embedded-content\" data-secret=\"bUjB7TwXK3\"><a href=\"https:\/\/hotelesgold.com.ar\/\">New home<\/a><\/blockquote><iframe class=\"wp-embedded-content\" sandbox=\"allow-scripts\" security=\"restricted\" style=\"position: absolute; visibility: hidden;\" title=\"&#8220;New home&#8221; &#8212; Hoteles Gold\" src=\"https:\/\/hotelesgold.com.ar\/embed\/#?secret=ZjQo03Cx1J#?secret=bUjB7TwXK3\" data-secret=\"bUjB7TwXK3\" width=\"600\" height=\"338\" frameborder=\"0\" marginwidth=\"0\" marginheight=\"0\" scrolling=\"no\"><\/iframe><\/div><\/p><p>\u00a0<\/p><h3 data-start=\"1157\" data-end=\"1185\"><img decoding=\"async\" class=\"emoji\" role=\"img\" draggable=\"false\" src=\"https:\/\/s.w.org\/images\/core\/emoji\/15.1.0\/svg\/2714.svg\" alt=\"\u2714\ufe0f\" \/> Inklusive Leistungen:<\/h3><ul data-start=\"1186\" data-end=\"1328\"><li data-start=\"1186\" data-end=\"1221\"><p data-start=\"1188\" data-end=\"1221\">Fr\u00fchst\u00fccksbuffet (amerikanisch)<\/p><\/li><li data-start=\"1222\" data-end=\"1260\"><p data-start=\"1224\" data-end=\"1260\">\u00dcberdachte und bewachte Parkpl\u00e4tze<\/p><\/li><li data-start=\"1261\" data-end=\"1269\"><p data-start=\"1263\" data-end=\"1269\">WLAN<\/p><\/li><li data-start=\"1270\" data-end=\"1300\"><p data-start=\"1272\" data-end=\"1300\">Fitnessraum im Hotel Royal<\/p><\/li><li data-start=\"1301\" data-end=\"1328\"><p data-start=\"1303\" data-end=\"1328\">Au\u00dfenpool (nicht beheizt)<\/p><\/li><\/ul><p data-start=\"1330\" data-end=\"1456\"><strong data-start=\"1333\" data-end=\"1345\">Hinweis:<\/strong> Der Rabatt gilt <strong data-start=\"1362\" data-end=\"1422\">ausschlie\u00dflich bei Direktbuchung \u00fcber die Hotelwebseiten<\/strong> mit dem entsprechenden Promocode.<\/p>\t\t\t\t\t\t<\/div>\n\t\t\t\t<\/div>\n\t\t\t\t\t<\/div>\n\t\t\t\t<\/div>\n\t\t<div class=\"elementor-element elementor-element-7613113 e-flex e-con-boxed e-con e-parent\" data-id=\"7613113\" data-element_type=\"container\">\n\t\t\t\t\t<div class=\"e-con-inner\">\n\t\t\t\t<div class=\"elementor-element elementor-element-5275c98 elementor-widget elementor-widget-image\" data-id=\"5275c98\" data-element_type=\"widget\" data-widget_type=\"image.default\">\n\t\t\t\t<div class=\"elementor-widget-container\">\n\t\t\t\t\t\t\t\t\t\t\t\t\t<img decoding=\"async\" width=\"1024\" height=\"139\" src=\"https:\/\/dlkmendoza2025.com.ar\/wp-content\/uploads\/2025\/06\/Foto1-1024x139.jpg\" class=\"attachment-large size-large wp-image-1345\" alt=\"\" srcset=\"https:\/\/dlkmendoza2025.com.ar\/wp-content\/uploads\/2025\/06\/Foto1-1024x139.jpg 1024w, https:\/\/dlkmendoza2025.com.ar\/wp-content\/uploads\/2025\/06\/Foto1-300x41.jpg 300w, https:\/\/dlkmendoza2025.com.ar\/wp-content\/uploads\/2025\/06\/Foto1-768x104.jpg 768w, https:\/\/dlkmendoza2025.com.ar\/wp-content\/uploads\/2025\/06\/Foto1.jpg 1241w\" sizes=\"(max-width: 1024px) 100vw, 1024px\" \/>\t\t\t\t\t\t\t\t\t\t\t\t\t<\/div>\n\t\t\t\t<\/div>\n\t\t\t\t\t<\/div>\n\t\t\t\t<\/div>\n\t\t\t\t<\/div>\n\t\t","protected":false},"excerpt":{"rendered":"<p>Unterkunft mit Sonderkonditionen f\u00fcr Kongressteilnehmende F\u00fcr alle Teilnehmenden des 10. Argentinischen Deutschlehrendenkongresses 2025 (31. Oktober \u2013 1. November) sowie der PASCH-Tagung (29. \u2013 30. Oktober) konnten Sonderkonditionen in mehreren Hotels im Zentrum von Mendoza vereinbart werden.\u00a0 Wichtig: Den erforderlichen Rabattcode erhalten Sie nach Ihrer Anmeldung per E-Mail in Ihrer Teilnahmebest\u00e4tigung. Partnerhotels mit Sondertarif: Folgende Hotels [&hellip;]<\/p>\n","protected":false},"author":1,"featured_media":0,"parent":0,"menu_order":0,"comment_status":"closed","ping_status":"closed","template":"elementor_header_footer","meta":{"ocean_post_layout":"","ocean_both_sidebars_style":"","ocean_both_sidebars_content_width":0,"ocean_both_sidebars_sidebars_width":0,"ocean_sidebar":"","ocean_second_sidebar":"","ocean_disable_margins":"enable","ocean_add_body_class":"","ocean_shortcode_before_top_bar":"","ocean_shortcode_after_top_bar":"","ocean_shortcode_before_header":"","ocean_shortcode_after_header":"","ocean_has_shortcode":"","ocean_shortcode_after_title":"","ocean_shortcode_before_footer_widgets":"","ocean_shortcode_after_footer_widgets":"","ocean_shortcode_before_footer_bottom":"","ocean_shortcode_after_footer_bottom":"","ocean_display_top_bar":"default","ocean_display_header":"default","ocean_header_style":"","ocean_center_header_left_menu":"","ocean_custom_header_template":"","ocean_custom_logo":0,"ocean_custom_retina_logo":0,"ocean_custom_logo_max_width":0,"ocean_custom_logo_tablet_max_width":0,"ocean_custom_logo_mobile_max_width":0,"ocean_custom_logo_max_height":0,"ocean_custom_logo_tablet_max_height":0,"ocean_custom_logo_mobile_max_height":0,"ocean_header_custom_menu":"","ocean_menu_typo_font_family":"","ocean_menu_typo_font_subset":"","ocean_menu_typo_font_size":0,"ocean_menu_typo_font_size_tablet":0,"ocean_menu_typo_font_size_mobile":0,"ocean_menu_typo_font_size_unit":"px","ocean_menu_typo_font_weight":"","ocean_menu_typo_font_weight_tablet":"","ocean_menu_typo_font_weight_mobile":"","ocean_menu_typo_transform":"","ocean_menu_typo_transform_tablet":"","ocean_menu_typo_transform_mobile":"","ocean_menu_typo_line_height":0,"ocean_menu_typo_line_height_tablet":0,"ocean_menu_typo_line_height_mobile":0,"ocean_menu_typo_line_height_unit":"","ocean_menu_typo_spacing":0,"ocean_menu_typo_spacing_tablet":0,"ocean_menu_typo_spacing_mobile":0,"ocean_menu_typo_spacing_unit":"","ocean_menu_link_color":"","ocean_menu_link_color_hover":"","ocean_menu_link_color_active":"","ocean_menu_link_background":"","ocean_menu_link_hover_background":"","ocean_menu_link_active_background":"","ocean_menu_social_links_bg":"","ocean_menu_social_hover_links_bg":"","ocean_menu_social_links_color":"","ocean_menu_social_hover_links_color":"","ocean_disable_title":"default","ocean_disable_heading":"default","ocean_post_title":"","ocean_post_subheading":"","ocean_post_title_style":"","ocean_post_title_background_color":"","ocean_post_title_background":0,"ocean_post_title_bg_image_position":"","ocean_post_title_bg_image_attachment":"","ocean_post_title_bg_image_repeat":"","ocean_post_title_bg_image_size":"","ocean_post_title_height":0,"ocean_post_title_bg_overlay":0.5,"ocean_post_title_bg_overlay_color":"","ocean_disable_breadcrumbs":"default","ocean_breadcrumbs_color":"","ocean_breadcrumbs_separator_color":"","ocean_breadcrumbs_links_color":"","ocean_breadcrumbs_links_hover_color":"","ocean_display_footer_widgets":"default","ocean_display_footer_bottom":"default","ocean_custom_footer_template":"","footnotes":""},"class_list":["post-1272","page","type-page","status-publish","hentry","entry"],"_links":{"self":[{"href":"https:\/\/dlkmendoza2025.com.ar\/index.php\/wp-json\/wp\/v2\/pages\/1272","targetHints":{"allow":["GET"]}}],"collection":[{"href":"https:\/\/dlkmendoza2025.com.ar\/index.php\/wp-json\/wp\/v2\/pages"}],"about":[{"href":"https:\/\/dlkmendoza2025.com.ar\/index.php\/wp-json\/wp\/v2\/types\/page"}],"author":[{"embeddable":true,"href":"https:\/\/dlkmendoza2025.com.ar\/index.php\/wp-json\/wp\/v2\/users\/1"}],"replies":[{"embeddable":true,"href":"https:\/\/dlkmendoza2025.com.ar\/index.php\/wp-json\/wp\/v2\/comments?post=1272"}],"version-history":[{"count":19,"href":"https:\/\/dlkmendoza2025.com.ar\/index.php\/wp-json\/wp\/v2\/pages\/1272\/revisions"}],"predecessor-version":[{"id":1357,"href":"https:\/\/dlkmendoza2025.com.ar\/index.php\/wp-json\/wp\/v2\/pages\/1272\/revisions\/1357"}],"wp:attachment":[{"href":"https:\/\/dlkmendoza2025.com.ar\/index.php\/wp-json\/wp\/v2\/media?parent=1272"}],"curies":[{"name":"wp","href":"https:\/\/api.w.org\/{rel}","templated":true}]}}