{"id":893,"date":"2024-09-08T02:25:45","date_gmt":"2024-09-08T02:25:45","guid":{"rendered":"https:\/\/dlkmendoza2025.com.ar\/?page_id=893"},"modified":"2025-09-25T01:29:39","modified_gmt":"2025-09-25T01:29:39","slug":"dlk2025-2","status":"publish","type":"page","link":"https:\/\/dlkmendoza2025.com.ar\/index.php\/dlk2025-2\/","title":{"rendered":"DLK2025"},"content":{"rendered":"\t\t<div data-elementor-type=\"wp-page\" data-elementor-id=\"893\" class=\"elementor elementor-893\">\n\t\t\t\t<div class=\"elementor-element elementor-element-a8dced9 e-flex e-con-boxed e-con e-parent\" data-id=\"a8dced9\" data-element_type=\"container\">\n\t\t\t\t\t<div class=\"e-con-inner\">\n\t\t\t\t<div class=\"elementor-element elementor-element-adc260b elementor-widget elementor-widget-image\" data-id=\"adc260b\" data-element_type=\"widget\" data-widget_type=\"image.default\">\n\t\t\t\t<div class=\"elementor-widget-container\">\n\t\t\t\t\t\t\t\t\t\t\t\t\t<img decoding=\"async\" src=\"https:\/\/dlkmendoza2025.com.ar\/wp-content\/uploads\/elementor\/thumbs\/the-climate-reality-project-Hb6uWq0i4MI-unsplash-scaled-r5w969pkpuzxg6e8pal5nl1rh79pyu6lxn2q23xdwg.jpg\" title=\"the-climate-reality-project-Hb6uWq0i4MI-unsplash\" alt=\"\" loading=\"lazy\" \/>\t\t\t\t\t\t\t\t\t\t\t\t\t<\/div>\n\t\t\t\t<\/div>\n\t\t\t\t\t<\/div>\n\t\t\t\t<\/div>\n\t\t<div class=\"elementor-element elementor-element-fc78262 e-flex e-con-boxed e-con e-parent\" data-id=\"fc78262\" data-element_type=\"container\">\n\t\t\t\t\t<div class=\"e-con-inner\">\n\t\t<div class=\"elementor-element elementor-element-ccb690c e-con-full e-flex e-con e-child\" data-id=\"ccb690c\" data-element_type=\"container\">\n\t\t\t\t<div class=\"elementor-element elementor-element-875a7b1 elementor-widget elementor-widget-image\" data-id=\"875a7b1\" data-element_type=\"widget\" data-widget_type=\"image.default\">\n\t\t\t\t<div class=\"elementor-widget-container\">\n\t\t\t\t\t\t\t\t\t\t\t\t\t<img decoding=\"async\" src=\"https:\/\/dlkmendoza2025.com.ar\/wp-content\/uploads\/elementor\/thumbs\/kane-reinholdtsen-LETdkk7wHQk-unsplash-scaled-r5wc29ki1h0rl0vdxis9r69u0kipg3wob4yq94lghk.jpg\" title=\"kane-reinholdtsen-LETdkk7wHQk-unsplash\" alt=\"\" loading=\"lazy\" \/>\t\t\t\t\t\t\t\t\t\t\t\t\t<\/div>\n\t\t\t\t<\/div>\n\t\t\t\t<\/div>\n\t\t<div class=\"elementor-element elementor-element-c92225f e-con-full e-flex e-con e-child\" data-id=\"c92225f\" data-element_type=\"container\">\n\t\t\t\t<div class=\"elementor-element elementor-element-85790fb elementor-widget elementor-widget-text-editor\" data-id=\"85790fb\" data-element_type=\"widget\" data-widget_type=\"text-editor.default\">\n\t\t\t\t<div class=\"elementor-widget-container\">\n\t\t\t\t\t\t\t<p data-start=\"302\" data-end=\"700\"><strong><span class=\"_fadeIn_pfttw_8\">Der <\/span><span class=\"_fadeIn_pfttw_8\">Argentinische <\/span><span class=\"_fadeIn_pfttw_8\">Deutschlehrendenkongress (<\/span><span class=\"_fadeIn_pfttw_8\">DLK) <\/span><\/strong><span class=\"_fadeIn_pfttw_8\">ist <\/span><span class=\"_fadeIn_pfttw_8\">die <\/span><span class=\"_fadeIn_pfttw_8\">gr\u00f6\u00dfte <\/span><span class=\"_fadeIn_pfttw_8\">nationale <\/span><span class=\"_fadeIn_pfttw_8\">Fortbildungsveranstaltung <\/span><span class=\"_fadeIn_pfttw_8\">f\u00fcr <\/span><span class=\"_fadeIn_pfttw_8\">Lehrkr\u00e4fte <\/span><span class=\"_fadeIn_pfttw_8\">der <\/span><span class=\"_fadeIn_pfttw_8\">deutschen <\/span><span class=\"_fadeIn_pfttw_8\">Sprache <\/span><span class=\"_fadeIn_pfttw_8\">in <\/span><span class=\"_fadeIn_pfttw_8\">Argentinien. <\/span><span class=\"_fadeIn_pfttw_8\">Alle f\u00fcnf<\/span><span class=\"_fadeIn_pfttw_8\">&nbsp;<\/span><span class=\"_fadeIn_pfttw_8\">Jahre <\/span><span class=\"_fadeIn_pfttw_8\">bringt <\/span><span class=\"_fadeIn_pfttw_8\">er <\/span><span class=\"_fadeIn_pfttw_8\">Fachleute <\/span><span class=\"_fadeIn_pfttw_8\">aus <\/span><span class=\"_fadeIn_pfttw_8\">dem <\/span><span class=\"_fadeIn_pfttw_8\">ganzen <\/span><span class=\"_fadeIn_pfttw_8\">Land <\/span><span class=\"_fadeIn_pfttw_8\">sowie <\/span><span class=\"_fadeIn_pfttw_8\">internationale <\/span><span class=\"_fadeIn_pfttw_8\">G\u00e4ste <\/span><span class=\"_fadeIn_pfttw_8\">zusammen, <\/span><span class=\"_fadeIn_pfttw_8\">um <\/span><span class=\"_fadeIn_pfttw_8\">aktuelle <\/span><span class=\"_fadeIn_pfttw_8\">Themen <\/span><span class=\"_fadeIn_pfttw_8\">des <\/span><span class=\"_fadeIn_pfttw_8\">Deutschunterrichts <\/span><span class=\"_fadeIn_pfttw_8\">zu <\/span><span class=\"_fadeIn_pfttw_8\">diskutieren, <\/span><span class=\"_fadeIn_pfttw_8\">neue <\/span><span class=\"_fadeIn_pfttw_8\">didaktisch-<\/span><span class=\"_fadeIn_pfttw_8\">methodische <\/span><span class=\"_fadeIn_pfttw_8\">Impulse <\/span><span class=\"_fadeIn_pfttw_8\">zu <\/span><span class=\"_fadeIn_pfttw_8\">setzen <\/span><span class=\"_fadeIn_pfttw_8\">und <\/span><span class=\"_fadeIn_pfttw_8\">den <\/span><span class=\"_fadeIn_pfttw_8\">interdisziplin\u00e4ren <\/span><span class=\"_fadeIn_pfttw_8\">Austausch <\/span><span class=\"_fadeIn_pfttw_8\">zu <\/span><span class=\"_fadeIn_pfttw_8\">f\u00f6rdern.<\/span><\/p>\n<p data-start=\"702\" data-end=\"1189\"><span class=\"_fadeIn_pfttw_8\">Der <\/span><span class=\"_fadeIn_pfttw_8\">kommende <\/span><span class=\"_fadeIn_pfttw_8\">DLK <\/span><span class=\"_fadeIn_pfttw_8\">findet <\/span><span class=\"_fadeIn_pfttw_8\">im <\/span><span class=\"_fadeIn_pfttw_8\">Oktober <\/span><span class=\"_fadeIn_pfttw_8\">2025 <\/span><span class=\"_fadeIn_pfttw_8\">in <\/span><span class=\"_fadeIn_pfttw_8\">Mendoza <\/span><span class=\"_fadeIn_pfttw_8\">statt \u2013 <\/span><span class=\"_fadeIn_pfttw_8\">im <\/span><span class=\"_fadeIn_pfttw_8\">Herzen <\/span><span class=\"_fadeIn_pfttw_8\">der <\/span><span class=\"_fadeIn_pfttw_8\">argentinischen <\/span><span class=\"_fadeIn_pfttw_8\">Anden <\/span><span class=\"_fadeIn_pfttw_8\">und <\/span><span class=\"_fadeIn_pfttw_8\">inmitten <\/span><span class=\"_fadeIn_pfttw_8\">einer <\/span><span class=\"_fadeIn_pfttw_8\">lebendigen <\/span><span class=\"_fadeIn_pfttw_8\">Bildungs- <\/span><span class=\"_fadeIn_pfttw_8\">und <\/span><span class=\"_fadeIn_pfttw_8\">Kulturszene. <\/span><span class=\"_fadeIn_pfttw_8\">Er <\/span><span class=\"_fadeIn_pfttw_8\">kn\u00fcpft <\/span><span class=\"_fadeIn_pfttw_8\">an <\/span><span class=\"_fadeIn_pfttw_8\">die <\/span><span class=\"_fadeIn_pfttw_8\">erfolgreichen <\/span><span class=\"_fadeIn_pfttw_8\">Veranstaltungen <\/span><span class=\"_fadeIn_pfttw_8\">der <\/span><span class=\"_fadeIn_pfttw_8\">letzten <\/span><span class=\"_fadeIn_pfttw_8\">Jahre <\/span><span class=\"_fadeIn_pfttw_8\">an: <\/span><span class=\"_fadeIn_pfttw_8\">Zuletzt <\/span><span class=\"_fadeIn_pfttw_8\">kamen <\/span><span class=\"_fadeIn_pfttw_8\">2020&nbsp;<\/span><span class=\"_fadeIn_pfttw_8\">in <\/span><span class=\"_fadeIn_pfttw_8\">C\u00f3rdoba <\/span><span class=\"_fadeIn_pfttw_8\">und zuvor&nbsp;<\/span><span class=\"_fadeIn_pfttw_8\">in <\/span><span class=\"_fadeIn_pfttw_8\">Buenos <\/span><span class=\"_fadeIn_pfttw_8\">Aires <\/span><span class=\"_fadeIn_pfttw_8\">jeweils <\/span><span class=\"_fadeIn_pfttw_8\">mehrere <\/span><span class=\"_fadeIn_pfttw_8\">Hundert <\/span><span class=\"_fadeIn_pfttw_8\">Lehrende, <\/span><span class=\"_fadeIn_pfttw_8\">Forschende <\/span><span class=\"_fadeIn_pfttw_8\">und <\/span><span class=\"_fadeIn_pfttw_8\">Kulturschaffende <\/span><span class=\"_fadeIn_pfttw_8\">zusammen, <\/span><span class=\"_fadeIn_pfttw_8\">um <\/span><span class=\"_fadeIn_pfttw_8\">sich <\/span><span class=\"_fadeIn_pfttw_8\">fortzubilden, <\/span><span class=\"_fadeIn_pfttw_8\">zu <\/span><span class=\"_fadeIn_pfttw_8\">vernetzen <\/span><span class=\"_fadeIn_pfttw_8\">und <\/span><span class=\"_fadeIn_pfttw_8\">gemeinsam <\/span><span class=\"_fadeIn_pfttw_8\">Perspektiven <\/span><span class=\"_fadeIn_pfttw_8\">f\u00fcr <\/span><span class=\"_fadeIn_pfttw_8\">den <\/span><span class=\"_fadeIn_pfttw_8\">Deutschunterricht <\/span><span class=\"_fadeIn_pfttw_8\">in <\/span><span class=\"_fadeIn_pfttw_8\">Argentinien <\/span><span class=\"_fadeIn_pfttw_8\">und <\/span><span class=\"_fadeIn_pfttw_8\">dar\u00fcber <\/span><span class=\"_fadeIn_pfttw_8\">hinaus <\/span><span class=\"_fadeIn_pfttw_8\">zu <\/span><span class=\"_fadeIn_pfttw_8\">entwickeln.<\/span><\/p>\n<p data-start=\"1191\" data-end=\"1620\"><span class=\"_fadeIn_pfttw_8\">Unter <\/span><span class=\"_fadeIn_pfttw_8\">dem <\/span><span class=\"_fadeIn_pfttw_8\">Motto <\/span><strong data-start=\"1207\" data-end=\"1244\"><span class=\"_fadeIn_pfttw_8\">\u201e<\/span><span class=\"_fadeIn_pfttw_8\">Deutsch <\/span><span class=\"_fadeIn_pfttw_8\">gestaltet Zukunft\u201c<\/span><\/strong> <span class=\"_fadeIn_pfttw_8\">erwarten <\/span><span class=\"_fadeIn_pfttw_8\">Sie <\/span><span class=\"_fadeIn_pfttw_8\">beim <\/span><span class=\"_fadeIn_pfttw_8\">DLK2025 <\/span><span class=\"_fadeIn_pfttw_8\">spannende <\/span><span class=\"_fadeIn_pfttw_8\">Fachvortr\u00e4ge, <\/span><span class=\"_fadeIn_pfttw_8\">praxisnahe <\/span><span class=\"_fadeIn_pfttw_8\">Workshops, <\/span><span class=\"_fadeIn_pfttw_8\">innovative <\/span><span class=\"_fadeIn_pfttw_8\">Projekte, <\/span><span class=\"_fadeIn_pfttw_8\">Diskussionen <\/span><span class=\"_fadeIn_pfttw_8\">zu <\/span><span class=\"_fadeIn_pfttw_8\">zukunftsweisenden <\/span><span class=\"_fadeIn_pfttw_8\">Themen <\/span><span class=\"_fadeIn_pfttw_8\">sowie <\/span><span class=\"_fadeIn_pfttw_8\">ein <\/span><span class=\"_fadeIn_pfttw_8\">vielf\u00e4ltiges <\/span><span class=\"_fadeIn_pfttw_8\">kulturelles <\/span><span class=\"_fadeIn_pfttw_8\">Rahmenprogramm. <\/span><span class=\"_fadeIn_pfttw_8\">Der <\/span><span class=\"_fadeIn_pfttw_8\">Kongress <\/span><span class=\"_fadeIn_pfttw_8\">richtet <\/span><span class=\"_fadeIn_pfttw_8\">sich <\/span><span class=\"_fadeIn_pfttw_8\">an <\/span><span class=\"_fadeIn_pfttw_8\">alle, <\/span><span class=\"_fadeIn_pfttw_8\">die <\/span><span class=\"_fadeIn_pfttw_8\">Deutsch <\/span><span class=\"_fadeIn_pfttw_8\">unterrichten \u2013 <\/span><span class=\"_fadeIn_pfttw_8\">von <\/span><span class=\"_fadeIn_pfttw_8\">der <\/span><span class=\"_fadeIn_pfttw_8\">Primarstufe <\/span><span class=\"_fadeIn_pfttw_8\">bis <\/span><span class=\"_fadeIn_pfttw_8\">zur <\/span><span class=\"_fadeIn_pfttw_8\">Universit\u00e4t \u2013 <\/span><span class=\"_fadeIn_pfttw_8\">und <\/span><span class=\"_fadeIn_pfttw_8\">versteht <\/span><span class=\"_fadeIn_pfttw_8\">sich <\/span><span class=\"_fadeIn_pfttw_8\">als <\/span><span class=\"_fadeIn_pfttw_8\">Plattform <\/span><span class=\"_fadeIn_pfttw_8\">des <\/span><span class=\"_fadeIn_pfttw_8\">Austauschs, <\/span><span class=\"_fadeIn_pfttw_8\">der <\/span><span class=\"_fadeIn_pfttw_8\">Weiterbildung <\/span><span class=\"_fadeIn_pfttw_8\">und <\/span><span class=\"_fadeIn_pfttw_8\">der <\/span><span class=\"_fadeIn_pfttw_8\">Inspiration.<\/span><\/p>\n<p data-start=\"1622\" data-end=\"1656\"><span class=\"_fadeIn_pfttw_8\">Wir <\/span><span class=\"_fadeIn_pfttw_8\">freuen <\/span><span class=\"_fadeIn_pfttw_8\">uns <\/span><span class=\"_fadeIn_pfttw_8\">auf <\/span><span class=\"_fadeIn_pfttw_8\">Ihre <\/span><span class=\"_fadeIn_pfttw_8\">Teilnahme!<\/span><\/p>\t\t\t\t\t\t<\/div>\n\t\t\t\t<\/div>\n\t\t\t\t<\/div>\n\t\t\t\t\t<\/div>\n\t\t\t\t<\/div>\n\t\t\t\t<\/div>\n\t\t","protected":false},"excerpt":{"rendered":"<p>Der Argentinische Deutschlehrendenkongress (DLK) ist die gr\u00f6\u00dfte nationale Fortbildungsveranstaltung f\u00fcr Lehrkr\u00e4fte der deutschen Sprache in Argentinien. Alle f\u00fcnf&nbsp;Jahre bringt er Fachleute aus dem ganzen Land sowie internationale G\u00e4ste zusammen, um aktuelle Themen des Deutschunterrichts zu diskutieren, neue didaktisch-methodische Impulse zu setzen und den interdisziplin\u00e4ren Austausch zu f\u00f6rdern. Der kommende DLK findet im Oktober 2025 in [&hellip;]<\/p>\n","protected":false},"author":1,"featured_media":0,"parent":0,"menu_order":0,"comment_status":"closed","ping_status":"closed","template":"elementor_header_footer","meta":{"ocean_post_layout":"","ocean_both_sidebars_style":"","ocean_both_sidebars_content_width":0,"ocean_both_sidebars_sidebars_width":0,"ocean_sidebar":"","ocean_second_sidebar":"","ocean_disable_margins":"enable","ocean_add_body_class":"","ocean_shortcode_before_top_bar":"","ocean_shortcode_after_top_bar":"","ocean_shortcode_before_header":"","ocean_shortcode_after_header":"","ocean_has_shortcode":"","ocean_shortcode_after_title":"","ocean_shortcode_before_footer_widgets":"","ocean_shortcode_after_footer_widgets":"","ocean_shortcode_before_footer_bottom":"","ocean_shortcode_after_footer_bottom":"","ocean_display_top_bar":"default","ocean_display_header":"default","ocean_header_style":"","ocean_center_header_left_menu":"","ocean_custom_header_template":"","ocean_custom_logo":0,"ocean_custom_retina_logo":0,"ocean_custom_logo_max_width":0,"ocean_custom_logo_tablet_max_width":0,"ocean_custom_logo_mobile_max_width":0,"ocean_custom_logo_max_height":0,"ocean_custom_logo_tablet_max_height":0,"ocean_custom_logo_mobile_max_height":0,"ocean_header_custom_menu":"","ocean_menu_typo_font_family":"","ocean_menu_typo_font_subset":"","ocean_menu_typo_font_size":0,"ocean_menu_typo_font_size_tablet":0,"ocean_menu_typo_font_size_mobile":0,"ocean_menu_typo_font_size_unit":"px","ocean_menu_typo_font_weight":"","ocean_menu_typo_font_weight_tablet":"","ocean_menu_typo_font_weight_mobile":"","ocean_menu_typo_transform":"","ocean_menu_typo_transform_tablet":"","ocean_menu_typo_transform_mobile":"","ocean_menu_typo_line_height":0,"ocean_menu_typo_line_height_tablet":0,"ocean_menu_typo_line_height_mobile":0,"ocean_menu_typo_line_height_unit":"","ocean_menu_typo_spacing":0,"ocean_menu_typo_spacing_tablet":0,"ocean_menu_typo_spacing_mobile":0,"ocean_menu_typo_spacing_unit":"","ocean_menu_link_color":"","ocean_menu_link_color_hover":"","ocean_menu_link_color_active":"","ocean_menu_link_background":"","ocean_menu_link_hover_background":"","ocean_menu_link_active_background":"","ocean_menu_social_links_bg":"","ocean_menu_social_hover_links_bg":"","ocean_menu_social_links_color":"","ocean_menu_social_hover_links_color":"","ocean_disable_title":"default","ocean_disable_heading":"default","ocean_post_title":"","ocean_post_subheading":"","ocean_post_title_style":"","ocean_post_title_background_color":"","ocean_post_title_background":0,"ocean_post_title_bg_image_position":"","ocean_post_title_bg_image_attachment":"","ocean_post_title_bg_image_repeat":"","ocean_post_title_bg_image_size":"","ocean_post_title_height":0,"ocean_post_title_bg_overlay":0.5,"ocean_post_title_bg_overlay_color":"","ocean_disable_breadcrumbs":"default","ocean_breadcrumbs_color":"","ocean_breadcrumbs_separator_color":"","ocean_breadcrumbs_links_color":"","ocean_breadcrumbs_links_hover_color":"","ocean_display_footer_widgets":"default","ocean_display_footer_bottom":"default","ocean_custom_footer_template":"","footnotes":""},"class_list":["post-893","page","type-page","status-publish","hentry","entry"],"_links":{"self":[{"href":"https:\/\/dlkmendoza2025.com.ar\/index.php\/wp-json\/wp\/v2\/pages\/893","targetHints":{"allow":["GET"]}}],"collection":[{"href":"https:\/\/dlkmendoza2025.com.ar\/index.php\/wp-json\/wp\/v2\/pages"}],"about":[{"href":"https:\/\/dlkmendoza2025.com.ar\/index.php\/wp-json\/wp\/v2\/types\/page"}],"author":[{"embeddable":true,"href":"https:\/\/dlkmendoza2025.com.ar\/index.php\/wp-json\/wp\/v2\/users\/1"}],"replies":[{"embeddable":true,"href":"https:\/\/dlkmendoza2025.com.ar\/index.php\/wp-json\/wp\/v2\/comments?post=893"}],"version-history":[{"count":36,"href":"https:\/\/dlkmendoza2025.com.ar\/index.php\/wp-json\/wp\/v2\/pages\/893\/revisions"}],"predecessor-version":[{"id":1484,"href":"https:\/\/dlkmendoza2025.com.ar\/index.php\/wp-json\/wp\/v2\/pages\/893\/revisions\/1484"}],"wp:attachment":[{"href":"https:\/\/dlkmendoza2025.com.ar\/index.php\/wp-json\/wp\/v2\/media?parent=893"}],"curies":[{"name":"wp","href":"https:\/\/api.w.org\/{rel}","templated":true}]}}